{"id":86408,"date":"2026-08-26T11:27:33","date_gmt":"2026-08-26T09:27:33","guid":{"rendered":"https:\/\/amanos.shop\/?post_type=product&#038;p=86408"},"modified":"2026-08-26T11:27:33","modified_gmt":"2026-08-26T09:27:33","slug":"aluminiumverbundplatte-weis-vordefinierte-formate-individuell-bedruckt","status":"publish","type":"product","link":"https:\/\/amanos.shop\/de\/produkt\/aluminiumverbundplatte-weis-vordefinierte-formate-individuell-bedruckt\/","title":{"rendered":"Aluminiumverbundplatte wei\u00df \u2013 vordefinierte Formate \u2013 individuell bedruckt"},"content":{"rendered":"<h2>Aluminiumverbundplatte wei\u00df \u2013 vordefinierte Formate \u2013 individuell bedruckt<\/h2>\n<p>Wei\u00dfe Aluminiumverbundplatte f\u00fcr den individuellen <strong>UV-DTF<\/strong>-Druck. W\u00e4hlen Sie das vordefinierte Format, die Druckseite sowie das passende Material bzw. die gew\u00fcnschte Veredelung.<\/p>\n<h3>Verf\u00fcgbare Formate<\/h3>\n<p>50 \u00d7 50 cm, 60 \u00d7 40 cm, 200 \u00d7 100 cm.<\/p>\n<h3>Optionen<\/h3>\n<p>Je nach Format ist einseitiger oder beidseitiger Druck verf\u00fcgbar. Zus\u00e4tzlich stehen verschiedene Plattenst\u00e4rken und Veredelungen zur Auswahl.<\/p>\n<h3>Druckdaten<\/h3>\n<p>Laden Sie Ihre druckfertige Datei hoch oder nutzen Sie unseren professionellen Designservice. Bei Bedarf kann zus\u00e4tzlich ein professioneller Datencheck gew\u00e4hlt werden.<\/p>\n<p><strong>Preis:<\/strong> Der angezeigte St\u00fcckpreis enth\u00e4lt 19 % MwSt. und \u00e4ndert sich je nach Format, Druckseite, Material und Veredelung.<\/p>\n","protected":false},"excerpt":{"rendered":"<p>Wei\u00dfe Aluminiumverbundplatte in vordefinierten Formaten, individuell bedruckbar. W\u00e4hlen Sie ein- oder beidseitigen Druck sowie das passende Material und die gew\u00fcnschte Veredelung. Der angezeigte St\u00fcckpreis enth\u00e4lt 19 % MwSt. und \u00e4ndert sich je nach gew\u00e4hlten Optionen.<\/p>\n","protected":false},"featured_media":0,"comment_status":"open","ping_status":"closed","template":"","meta":{"nf_dc_page":""},"product_brand":[],"product_cat":[3845],"product_tag":[3847,3657,3500,3732,3846],"class_list":["post-86408","product","type-product","status-publish","product_cat-schilder-und-werbeschilder","product_tag-aluminiumverbund","product_tag-individueller-druck","product_tag-uv-dtf","product_tag-werbeschilder","product_tag-werbeschilder-2","first","instock","taxable","shipping-taxable","purchasable","product-type-variable","has-default-attributes","add-to-wishlist-before_image"],"_links":{"self":[{"href":"https:\/\/amanos.shop\/de\/wp-json\/wp\/v2\/product\/86408","targetHints":{"allow":["GET"]}}],"collection":[{"href":"https:\/\/amanos.shop\/de\/wp-json\/wp\/v2\/product"}],"about":[{"href":"https:\/\/amanos.shop\/de\/wp-json\/wp\/v2\/types\/product"}],"replies":[{"embeddable":true,"href":"https:\/\/amanos.shop\/de\/wp-json\/wp\/v2\/comments?post=86408"}],"wp:attachment":[{"href":"https:\/\/amanos.shop\/de\/wp-json\/wp\/v2\/media?parent=86408"}],"wp:term":[{"taxonomy":"product_brand","embeddable":true,"href":"https:\/\/amanos.shop\/de\/wp-json\/wp\/v2\/product_brand?post=86408"},{"taxonomy":"product_cat","embeddable":true,"href":"https:\/\/amanos.shop\/de\/wp-json\/wp\/v2\/product_cat?post=86408"},{"taxonomy":"product_tag","embeddable":true,"href":"https:\/\/amanos.shop\/de\/wp-json\/wp\/v2\/product_tag?post=86408"}],"curies":[{"name":"wp","href":"https:\/\/api.w.org\/{rel}","templated":true}]}}

Aluminiumverbundplatte weiß – vordefinierte Formate – individuell bedruckt

<h2>Aluminiumverbundplatte weiß – vordefinierte Formate – individuell bedruckt</h2>
<p>Weiße Aluminiumverbundplatte für den individuellen <strong>UV-DTF</strong>-Druck. Wählen Sie das vordefinierte Format, die Druckseite sowie das passende Material bzw. die gewünschte Veredelung.</p>
<h3>Verfügbare Formate</h3>
<p>50 × 50 cm, 60 × 40 cm, 200 × 100 cm.</p>
<h3>Optionen</h3>
<p>Je nach Format ist einseitiger oder beidseitiger Druck verfügbar. Zusätzlich stehen verschiedene Plattenstärken und Veredelungen zur Auswahl.</p>
<h3>Druckdaten</h3>
<p>Laden Sie Ihre druckfertige Datei hoch oder nutzen Sie unseren professionellen Designservice. Bei Bedarf kann zusätzlich ein professioneller Datencheck gewählt werden.</p>
<p><strong>Preis:</strong> Der angezeigte Stückpreis enthält 19 % MwSt. und ändert sich je nach Format, Druckseite, Material und Veredelung.</p>

<p>Weiße Aluminiumverbundplatte in vordefinierten Formaten, individuell bedruckbar. Wählen Sie ein- oder beidseitigen Druck sowie das passende Material und die gewünschte Veredelung. Der angezeigte Stückpreis enthält 19 % MwSt. und ändert sich je nach gewählten Optionen.</p>
