{"id":84072,"date":"2026-08-26T11:27:21","date_gmt":"2026-08-26T09:27:21","guid":{"rendered":"https:\/\/amanos.shop\/?post_type=product&#038;p=84072"},"modified":"2026-08-26T11:27:21","modified_gmt":"2026-08-26T09:27:21","slug":"aluminiumverbundplatte-silber-geburstet-sprechblasen-form-individuell-bedruckt","status":"publish","type":"product","link":"https:\/\/amanos.shop\/de\/produkt\/aluminiumverbundplatte-silber-geburstet-sprechblasen-form-individuell-bedruckt\/","title":{"rendered":"Aluminiumverbundplatte silber geb\u00fcrstet \u2013 Sprechblasen-Form \u2013 individuell bedruckt"},"content":{"rendered":"<h2>Aluminiumverbundplatte silber geb\u00fcrstet \u2013 Sprechblasen-Form \u2013 individuell bedruckt<\/h2>\n<p>Aluminiumverbundplatte silber geb\u00fcrstet f\u00fcr den individuellen <strong>UV-DTF<\/strong>-Druck. W\u00e4hlen Sie Format, Material bzw. Veredelung und die gew\u00fcnschte Druckseite direkt aus den verf\u00fcgbaren Optionen.<\/p>\n<h3>Optionen<\/h3>\n<ul>\n<li>Format: 10 \u00d7 10 cm, 20 \u00d7 20 cm, 35 \u00d7 35 cm.<\/li>\n<li>Druckseiten: einseitig oder beidseitig.<\/li>\n<li>Material und Veredelung: je nach Auswahl stehen unterschiedliche Veredelungsvarianten zur Verf\u00fcgung.<\/li>\n<li>Motivoption: gleiches Motiv oder unterschiedliches Motiv je Platte.<\/li>\n<\/ul>\n<h3>Druckdaten<\/h3>\n<p>Laden Sie Ihre druckfertige Datei hoch oder nutzen Sie unseren professionellen Designservice. Bei Bedarf kann zus\u00e4tzlich ein professioneller Datencheck gew\u00e4hlt werden.<\/p>\n<p><strong>Preis:<\/strong> Der angezeigte St\u00fcckpreis enth\u00e4lt 19 % MwSt. und \u00e4ndert sich je nach gew\u00e4hlten Optionen.<\/p>\n","protected":false},"excerpt":{"rendered":"<p>Aluminiumverbundplatte silber geb\u00fcrstet \u2013 Sprechblasen-Form, individuell bedruckbar. W\u00e4hlen Sie Format, Material, Veredelung sowie ein- oder beidseitigen Druck. Der angezeigte St\u00fcckpreis enth\u00e4lt 19 % MwSt. und \u00e4ndert sich je nach gew\u00e4hlten Optionen.<\/p>\n","protected":false},"featured_media":0,"comment_status":"open","ping_status":"closed","template":"","meta":{"nf_dc_page":""},"product_brand":[],"product_cat":[3845],"product_tag":[3847,3657,3500,3732,3846],"class_list":["post-84072","product","type-product","status-publish","product_cat-schilder-und-werbeschilder","product_tag-aluminiumverbund","product_tag-individueller-druck","product_tag-uv-dtf","product_tag-werbeschilder","product_tag-werbeschilder-2","first","instock","taxable","shipping-taxable","purchasable","product-type-variable","has-default-attributes","add-to-wishlist-before_image"],"_links":{"self":[{"href":"https:\/\/amanos.shop\/de\/wp-json\/wp\/v2\/product\/84072","targetHints":{"allow":["GET"]}}],"collection":[{"href":"https:\/\/amanos.shop\/de\/wp-json\/wp\/v2\/product"}],"about":[{"href":"https:\/\/amanos.shop\/de\/wp-json\/wp\/v2\/types\/product"}],"replies":[{"embeddable":true,"href":"https:\/\/amanos.shop\/de\/wp-json\/wp\/v2\/comments?post=84072"}],"wp:attachment":[{"href":"https:\/\/amanos.shop\/de\/wp-json\/wp\/v2\/media?parent=84072"}],"wp:term":[{"taxonomy":"product_brand","embeddable":true,"href":"https:\/\/amanos.shop\/de\/wp-json\/wp\/v2\/product_brand?post=84072"},{"taxonomy":"product_cat","embeddable":true,"href":"https:\/\/amanos.shop\/de\/wp-json\/wp\/v2\/product_cat?post=84072"},{"taxonomy":"product_tag","embeddable":true,"href":"https:\/\/amanos.shop\/de\/wp-json\/wp\/v2\/product_tag?post=84072"}],"curies":[{"name":"wp","href":"https:\/\/api.w.org\/{rel}","templated":true}]}}

Aluminiumverbundplatte silber gebürstet – Sprechblasen-Form – individuell bedruckt

<h2>Aluminiumverbundplatte silber gebürstet – Sprechblasen-Form – individuell bedruckt</h2>
<p>Aluminiumverbundplatte silber gebürstet für den individuellen <strong>UV-DTF</strong>-Druck. Wählen Sie Format, Material bzw. Veredelung und die gewünschte Druckseite direkt aus den verfügbaren Optionen.</p>
<h3>Optionen</h3>
<ul>
<li>Format: 10 × 10 cm, 20 × 20 cm, 35 × 35 cm.</li>
<li>Druckseiten: einseitig oder beidseitig.</li>
<li>Material und Veredelung: je nach Auswahl stehen unterschiedliche Veredelungsvarianten zur Verfügung.</li>
<li>Motivoption: gleiches Motiv oder unterschiedliches Motiv je Platte.</li>
</ul>
<h3>Druckdaten</h3>
<p>Laden Sie Ihre druckfertige Datei hoch oder nutzen Sie unseren professionellen Designservice. Bei Bedarf kann zusätzlich ein professioneller Datencheck gewählt werden.</p>
<p><strong>Preis:</strong> Der angezeigte Stückpreis enthält 19 % MwSt. und ändert sich je nach gewählten Optionen.</p>

<p>Aluminiumverbundplatte silber gebürstet – Sprechblasen-Form, individuell bedruckbar. Wählen Sie Format, Material, Veredelung sowie ein- oder beidseitigen Druck. Der angezeigte Stückpreis enthält 19 % MwSt. und ändert sich je nach gewählten Optionen.</p>
