{"id":83816,"date":"2026-08-26T11:27:19","date_gmt":"2026-08-26T09:27:19","guid":{"rendered":"https:\/\/amanos.shop\/?post_type=product&#038;p=83816"},"modified":"2026-08-26T11:27:20","modified_gmt":"2026-08-26T09:27:20","slug":"aluminiumverbundplatte-schwarz-geburstet-rechteckig-individuell-bedruckt","status":"publish","type":"product","link":"https:\/\/amanos.shop\/de\/produkt\/aluminiumverbundplatte-schwarz-geburstet-rechteckig-individuell-bedruckt\/","title":{"rendered":"Aluminiumverbundplatte schwarz geb\u00fcrstet \u2013 rechteckig \u2013 individuell bedruckt"},"content":{"rendered":"<h2>Aluminiumverbundplatte schwarz geb\u00fcrstet \u2013 rechteckig \u2013 individuell bedruckt<\/h2>\n<p>Aluminiumverbundplatte schwarz geb\u00fcrstet f\u00fcr den individuellen <strong>UV-DTF<\/strong>-Druck. W\u00e4hlen Sie Farbdruck oder Wei\u00dfdruck sowie Format und passende Veredelung.<\/p>\n<h3>Optionen<\/h3>\n<ul>\n<li>Druckart: Farbdruck oder Wei\u00dfdruck.<\/li>\n<li>Formate: 10 \u00d7 10 cm, 20 \u00d7 20 cm, 35 \u00d7 35 cm.<\/li>\n<li>Veredelung: Standard, vollfl\u00e4chiger gl\u00e4nzender UV-Lack oder partieller gl\u00e4nzender UV-Lack.<\/li>\n<li>Motivoption: gleiches Motiv oder unterschiedliches Motiv je Platte.<\/li>\n<\/ul>\n<h3>Druckdaten<\/h3>\n<p>Laden Sie Ihre druckfertige Datei hoch oder nutzen Sie unseren professionellen Designservice.<\/p>\n<p><strong>Preis:<\/strong> Der angezeigte St\u00fcckpreis enth\u00e4lt 19 % MwSt. und \u00e4ndert sich je nach gew\u00e4hlten Optionen.<\/p>\n","protected":false},"excerpt":{"rendered":"<p>Aluminiumverbundplatte schwarz geb\u00fcrstet \u2013 rechteckig, individuell bedruckbar. W\u00e4hlen Sie Farbdruck oder Wei\u00dfdruck sowie Format und passende Veredelung. Der angezeigte St\u00fcckpreis enth\u00e4lt 19 % MwSt. und \u00e4ndert sich je nach gew\u00e4hlten Optionen.<\/p>\n","protected":false},"featured_media":0,"comment_status":"open","ping_status":"closed","template":"","meta":{"nf_dc_page":""},"product_brand":[],"product_cat":[3845],"product_tag":[3847,3657,3500,3732,3846],"class_list":["post-83816","product","type-product","status-publish","product_cat-schilder-und-werbeschilder","product_tag-aluminiumverbund","product_tag-individueller-druck","product_tag-uv-dtf","product_tag-werbeschilder","product_tag-werbeschilder-2","first","instock","taxable","shipping-taxable","purchasable","product-type-variable","has-default-attributes","add-to-wishlist-before_image"],"_links":{"self":[{"href":"https:\/\/amanos.shop\/de\/wp-json\/wp\/v2\/product\/83816","targetHints":{"allow":["GET"]}}],"collection":[{"href":"https:\/\/amanos.shop\/de\/wp-json\/wp\/v2\/product"}],"about":[{"href":"https:\/\/amanos.shop\/de\/wp-json\/wp\/v2\/types\/product"}],"replies":[{"embeddable":true,"href":"https:\/\/amanos.shop\/de\/wp-json\/wp\/v2\/comments?post=83816"}],"wp:attachment":[{"href":"https:\/\/amanos.shop\/de\/wp-json\/wp\/v2\/media?parent=83816"}],"wp:term":[{"taxonomy":"product_brand","embeddable":true,"href":"https:\/\/amanos.shop\/de\/wp-json\/wp\/v2\/product_brand?post=83816"},{"taxonomy":"product_cat","embeddable":true,"href":"https:\/\/amanos.shop\/de\/wp-json\/wp\/v2\/product_cat?post=83816"},{"taxonomy":"product_tag","embeddable":true,"href":"https:\/\/amanos.shop\/de\/wp-json\/wp\/v2\/product_tag?post=83816"}],"curies":[{"name":"wp","href":"https:\/\/api.w.org\/{rel}","templated":true}]}}

Aluminiumverbundplatte schwarz gebürstet – rechteckig – individuell bedruckt

<h2>Aluminiumverbundplatte schwarz gebürstet – rechteckig – individuell bedruckt</h2>
<p>Aluminiumverbundplatte schwarz gebürstet für den individuellen <strong>UV-DTF</strong>-Druck. Wählen Sie Farbdruck oder Weißdruck sowie Format und passende Veredelung.</p>
<h3>Optionen</h3>
<ul>
<li>Druckart: Farbdruck oder Weißdruck.</li>
<li>Formate: 10 × 10 cm, 20 × 20 cm, 35 × 35 cm.</li>
<li>Veredelung: Standard, vollflächiger glänzender UV-Lack oder partieller glänzender UV-Lack.</li>
<li>Motivoption: gleiches Motiv oder unterschiedliches Motiv je Platte.</li>
</ul>
<h3>Druckdaten</h3>
<p>Laden Sie Ihre druckfertige Datei hoch oder nutzen Sie unseren professionellen Designservice.</p>
<p><strong>Preis:</strong> Der angezeigte Stückpreis enthält 19 % MwSt. und ändert sich je nach gewählten Optionen.</p>

<p>Aluminiumverbundplatte schwarz gebürstet – rechteckig, individuell bedruckbar. Wählen Sie Farbdruck oder Weißdruck sowie Format und passende Veredelung. Der angezeigte Stückpreis enthält 19 % MwSt. und ändert sich je nach gewählten Optionen.</p>
