{"id":71921,"date":"2026-08-25T15:09:16","date_gmt":"2026-08-25T13:09:16","guid":{"rendered":"https:\/\/amanos.shop\/?post_type=product&#038;p=71921"},"modified":"2026-08-25T15:09:16","modified_gmt":"2026-08-25T13:09:16","slug":"hissfahne-in-festen-grosen-mit-ausleger-individuell-bedruckt","status":"publish","type":"product","link":"https:\/\/amanos.shop\/de\/produkt\/hissfahne-in-festen-grosen-mit-ausleger-individuell-bedruckt\/","title":{"rendered":"Hissfahne in festen Gr\u00f6\u00dfen mit Ausleger \u2013 individuell bedruckt"},"content":{"rendered":"<h2>Hissfahne in festen Gr\u00f6\u00dfen mit Ausleger \u2013 individuell bedruckt<\/h2>\n<p>Bedruckte Werbe-Hissfahne mit Ausleger, geeignet f\u00fcr Unternehmensfassaden, Veranstaltungen und Au\u00dfenbereiche.<\/p>\n<h3>Verf\u00fcgbare Gr\u00f6\u00dfen<\/h3>\n<ul>\n<li>80 \u00d7 120 cm<\/li>\n<li>100 \u00d7 200 cm<\/li>\n<li>120 \u00d7 300 cm<\/li>\n<\/ul>\n<h3>Material und Druck<\/h3>\n<ul>\n<li>Flaggenstoff 115 g\/m\u00b2 mit ges\u00e4umten Kanten.<\/li>\n<li>OEKO-TEX\u00ae zertifiziert und schwer entflammbar B1.<\/li>\n<li>Druckverfahren bei Amanos: DTF.<\/li>\n<\/ul>\n<h3>Konfigurationsoptionen<\/h3>\n<p>W\u00e4hlen Sie Gr\u00f6\u00dfe, Befestigungsseite und ob alle Flaggen das gleiche Motiv oder jeweils ein unterschiedliches Motiv erhalten sollen.<\/p>\n<h3>Design vorbereiten<\/h3>\n<p>Laden Sie Ihre Druckdatei hoch oder nutzen Sie die verf\u00fcgbaren Designservices von Amanos.<\/p>\n","protected":false},"excerpt":{"rendered":"<p>Hissfahne mit Ausleger mit individuellem DTF-Druck auf 115 g\/m\u00b2 Flaggenstoff. Verf\u00fcgbar in drei festen Gr\u00f6\u00dfen, mit Auswahl der Befestigungsseite und Motivverteilung.<\/p>\n","protected":false},"featured_media":71922,"comment_status":"open","ping_status":"closed","template":"","meta":{"nf_dc_page":""},"product_brand":[],"product_cat":[3704],"product_tag":[3707,3708,3705,3657,3706],"class_list":["post-71921","product","type-product","status-publish","has-post-thumbnail","product_cat-beachflags-werbefahnen","product_tag-events","product_tag-firmenfassaden","product_tag-hissfahnen","product_tag-individueller-druck","product_tag-werbefahnen","first","instock","taxable","shipping-taxable","purchasable","product-type-variable","has-default-attributes","add-to-wishlist-before_image"],"_links":{"self":[{"href":"https:\/\/amanos.shop\/de\/wp-json\/wp\/v2\/product\/71921","targetHints":{"allow":["GET"]}}],"collection":[{"href":"https:\/\/amanos.shop\/de\/wp-json\/wp\/v2\/product"}],"about":[{"href":"https:\/\/amanos.shop\/de\/wp-json\/wp\/v2\/types\/product"}],"replies":[{"embeddable":true,"href":"https:\/\/amanos.shop\/de\/wp-json\/wp\/v2\/comments?post=71921"}],"wp:featuredmedia":[{"embeddable":true,"href":"https:\/\/amanos.shop\/de\/wp-json\/wp\/v2\/media\/71922"}],"wp:attachment":[{"href":"https:\/\/amanos.shop\/de\/wp-json\/wp\/v2\/media?parent=71921"}],"wp:term":[{"taxonomy":"product_brand","embeddable":true,"href":"https:\/\/amanos.shop\/de\/wp-json\/wp\/v2\/product_brand?post=71921"},{"taxonomy":"product_cat","embeddable":true,"href":"https:\/\/amanos.shop\/de\/wp-json\/wp\/v2\/product_cat?post=71921"},{"taxonomy":"product_tag","embeddable":true,"href":"https:\/\/amanos.shop\/de\/wp-json\/wp\/v2\/product_tag?post=71921"}],"curies":[{"name":"wp","href":"https:\/\/api.w.org\/{rel}","templated":true}]}}

Hissfahne in festen Größen mit Ausleger – individuell bedruckt

<h2>Hissfahne in festen Größen mit Ausleger – individuell bedruckt</h2>
<p>Bedruckte Werbe-Hissfahne mit Ausleger, geeignet für Unternehmensfassaden, Veranstaltungen und Außenbereiche.</p>
<h3>Verfügbare Größen</h3>
<ul>
<li>80 × 120 cm</li>
<li>100 × 200 cm</li>
<li>120 × 300 cm</li>
</ul>
<h3>Material und Druck</h3>
<ul>
<li>Flaggenstoff 115 g/m² mit gesäumten Kanten.</li>
<li>OEKO-TEX® zertifiziert und schwer entflammbar B1.</li>
<li>Druckverfahren bei Amanos: DTF.</li>
</ul>
<h3>Konfigurationsoptionen</h3>
<p>Wählen Sie Größe, Befestigungsseite und ob alle Flaggen das gleiche Motiv oder jeweils ein unterschiedliches Motiv erhalten sollen.</p>
<h3>Design vorbereiten</h3>
<p>Laden Sie Ihre Druckdatei hoch oder nutzen Sie die verfügbaren Designservices von Amanos.</p>

<p>Hissfahne mit Ausleger mit individuellem DTF-Druck auf 115 g/m² Flaggenstoff. Verfügbar in drei festen Größen, mit Auswahl der Befestigungsseite und Motivverteilung.</p>
