{"id":53757,"date":"2026-08-21T13:46:26","date_gmt":"2026-08-21T11:46:26","guid":{"rendered":"https:\/\/amanos.shop\/?post_type=product&#038;p=53757"},"modified":"2026-08-21T13:46:26","modified_gmt":"2026-08-21T11:46:26","slug":"genahte-fahnenkette-5-m-20-fahnen-zwei-motive-im-wechsel-beidseitiger-druck","status":"publish","type":"product","link":"https:\/\/amanos.shop\/de\/produkt\/genahte-fahnenkette-5-m-20-fahnen-zwei-motive-im-wechsel-beidseitiger-druck\/","title":{"rendered":"Gen\u00e4hte Fahnenkette, 5 m \u2013 20 Fahnen \u2013 zwei Motive im Wechsel \u2013 beidseitiger Druck"},"content":{"rendered":"<h2>Gen\u00e4hte Fahnenkette, 5 m \u2013 20 Fahnen \u2013 zwei Motive im Wechsel \u2013 beidseitiger Druck<\/h2>\n<p>Attraktive Fahnenkette f\u00fcr Veranstaltungen, Gesch\u00e4fte und Promotions, auf der zwei unterschiedliche Motive abwechselnd auf insgesamt 20 Fahnen \u00fcber eine Gesamtl\u00e4nge von 5 Metern erscheinen.<\/p>\n<h3>Vorteile<\/h3>\n<ul>\n<li>Gesamtl\u00e4nge: 5 Meter.<\/li>\n<li>Anzahl der Fahnen: 20.<\/li>\n<li>Zwei unterschiedliche Motive im Wechsel entlang der Kette.<\/li>\n<li>Individueller beidseitiger Druck.<\/li>\n<li>Druckverfahren bei Amanos: UV-DTF.<\/li>\n<\/ul>\n<h3>Material w\u00e4hlen<\/h3>\n<p>Erh\u00e4ltlich auf wei\u00dfem mattem Offsetpapier mit 135 g\/m\u00b2 oder 300 g\/m\u00b2. W\u00e4hlen Sie die passende Papierst\u00e4rke und laden Sie anschlie\u00dfend beide Designs hoch oder nutzen Sie die Designservices von Amanos.<\/p>\n","protected":false},"excerpt":{"rendered":"<p>Gen\u00e4hte Fahnenkette mit 5 m Gesamtl\u00e4nge und 20 Fahnen, zwei Motive im Wechsel und individuellem beidseitigem Druck. In zwei Papierst\u00e4rken erh\u00e4ltlich. Druckverfahren bei Amanos: UV-DTF.<\/p>\n","protected":false},"featured_media":0,"comment_status":"open","ping_status":"closed","template":"","meta":{"nf_dc_page":""},"product_brand":[],"product_cat":[3704],"product_tag":[3707,3762,3657,3757,3763],"class_list":["post-53757","product","type-product","status-publish","product_cat-beachflags-werbefahnen","product_tag-events","product_tag-fahnenkette","product_tag-individueller-druck","product_tag-papierfahnen","product_tag-zwei-motive-im-wechsel","first","instock","taxable","shipping-taxable","purchasable","product-type-variable","has-default-attributes","add-to-wishlist-before_image"],"_links":{"self":[{"href":"https:\/\/amanos.shop\/de\/wp-json\/wp\/v2\/product\/53757","targetHints":{"allow":["GET"]}}],"collection":[{"href":"https:\/\/amanos.shop\/de\/wp-json\/wp\/v2\/product"}],"about":[{"href":"https:\/\/amanos.shop\/de\/wp-json\/wp\/v2\/types\/product"}],"replies":[{"embeddable":true,"href":"https:\/\/amanos.shop\/de\/wp-json\/wp\/v2\/comments?post=53757"}],"wp:attachment":[{"href":"https:\/\/amanos.shop\/de\/wp-json\/wp\/v2\/media?parent=53757"}],"wp:term":[{"taxonomy":"product_brand","embeddable":true,"href":"https:\/\/amanos.shop\/de\/wp-json\/wp\/v2\/product_brand?post=53757"},{"taxonomy":"product_cat","embeddable":true,"href":"https:\/\/amanos.shop\/de\/wp-json\/wp\/v2\/product_cat?post=53757"},{"taxonomy":"product_tag","embeddable":true,"href":"https:\/\/amanos.shop\/de\/wp-json\/wp\/v2\/product_tag?post=53757"}],"curies":[{"name":"wp","href":"https:\/\/api.w.org\/{rel}","templated":true}]}}

Genähte Fahnenkette, 5 m – 20 Fahnen – zwei Motive im Wechsel – beidseitiger Druck

<h2>Genähte Fahnenkette, 5 m – 20 Fahnen – zwei Motive im Wechsel – beidseitiger Druck</h2>
<p>Attraktive Fahnenkette für Veranstaltungen, Geschäfte und Promotions, auf der zwei unterschiedliche Motive abwechselnd auf insgesamt 20 Fahnen über eine Gesamtlänge von 5 Metern erscheinen.</p>
<h3>Vorteile</h3>
<ul>
<li>Gesamtlänge: 5 Meter.</li>
<li>Anzahl der Fahnen: 20.</li>
<li>Zwei unterschiedliche Motive im Wechsel entlang der Kette.</li>
<li>Individueller beidseitiger Druck.</li>
<li>Druckverfahren bei Amanos: UV-DTF.</li>
</ul>
<h3>Material wählen</h3>
<p>Erhältlich auf weißem mattem Offsetpapier mit 135 g/m² oder 300 g/m². Wählen Sie die passende Papierstärke und laden Sie anschließend beide Designs hoch oder nutzen Sie die Designservices von Amanos.</p>

<p>Genähte Fahnenkette mit 5 m Gesamtlänge und 20 Fahnen, zwei Motive im Wechsel und individuellem beidseitigem Druck. In zwei Papierstärken erhältlich. Druckverfahren bei Amanos: UV-DTF.</p>
