{"id":52258,"date":"2026-08-20T10:15:44","date_gmt":"2026-08-20T08:15:44","guid":{"rendered":"https:\/\/amanos.shop\/?post_type=product&#038;p=52258"},"modified":"2026-08-20T10:15:44","modified_gmt":"2026-08-20T08:15:44","slug":"gerade-messewand-mit-kedersystem-5-x-3-individueller-druck","status":"publish","type":"product","link":"https:\/\/amanos.shop\/de\/produkt\/gerade-messewand-mit-kedersystem-5-x-3-individueller-druck\/","title":{"rendered":"Gerade Messewand mit Kedersystem 5 \u00d7 3 \u2013 individueller Druck"},"content":{"rendered":"<h2>Gerade Messewand mit Kedersystem 5 \u00d7 3 \u2013 individueller Druck<\/h2>\n<p>Messewand f\u00fcr Messen und Veranstaltungen mit individuellem Druck nach Kundendesign.<\/p>\n<h3>Produktoptionen<\/h3>\n<ul>\n<li>Material: W\u00e4hlen Sie aus den verf\u00fcgbaren Textilmaterialien.<\/li>\n<li>Druckmotiv: Gleiches Motiv auf allen bedruckten Teilen oder unterschiedliches Motiv f\u00fcr jedes bedruckte Teil.<\/li>\n<li>Zu den verf\u00fcgbaren Materialien geh\u00f6ren schwer entflammbare B1-Optionen.<\/li>\n<\/ul>\n<h3>Druck<\/h3>\n<p>Druckverfahren bei Amanos: <strong>DTF<\/strong>.<\/p>\n<h3>Preis<\/h3>\n<p>Der angezeigte Preis gilt pro St\u00fcck. Die gew\u00fcnschte St\u00fcckzahl kann bei der Bestellung erh\u00f6ht werden.<\/p>\n","protected":false},"excerpt":{"rendered":"<p>Gerade Messewand mit Kedersystem 5 \u00d7 3 und individuellem Druck. W\u00e4hlen Sie Material und Motivverteilung. Der Preis gilt pro St\u00fcck.<\/p>\n","protected":false},"featured_media":0,"comment_status":"open","ping_status":"closed","template":"","meta":{"nf_dc_page":""},"product_brand":[],"product_cat":[3673],"product_tag":[3663,3657,3677,3660,3674],"class_list":["post-52258","product","type-product","status-publish","product_cat-messewande-faltdisplays","product_tag-displaysysteme","product_tag-individueller-druck","product_tag-keder","product_tag-messen","product_tag-messewande","first","instock","taxable","shipping-taxable","purchasable","product-type-variable","has-default-attributes","add-to-wishlist-before_image"],"_links":{"self":[{"href":"https:\/\/amanos.shop\/de\/wp-json\/wp\/v2\/product\/52258","targetHints":{"allow":["GET"]}}],"collection":[{"href":"https:\/\/amanos.shop\/de\/wp-json\/wp\/v2\/product"}],"about":[{"href":"https:\/\/amanos.shop\/de\/wp-json\/wp\/v2\/types\/product"}],"replies":[{"embeddable":true,"href":"https:\/\/amanos.shop\/de\/wp-json\/wp\/v2\/comments?post=52258"}],"wp:attachment":[{"href":"https:\/\/amanos.shop\/de\/wp-json\/wp\/v2\/media?parent=52258"}],"wp:term":[{"taxonomy":"product_brand","embeddable":true,"href":"https:\/\/amanos.shop\/de\/wp-json\/wp\/v2\/product_brand?post=52258"},{"taxonomy":"product_cat","embeddable":true,"href":"https:\/\/amanos.shop\/de\/wp-json\/wp\/v2\/product_cat?post=52258"},{"taxonomy":"product_tag","embeddable":true,"href":"https:\/\/amanos.shop\/de\/wp-json\/wp\/v2\/product_tag?post=52258"}],"curies":[{"name":"wp","href":"https:\/\/api.w.org\/{rel}","templated":true}]}}

<h2>Gerade Messewand mit Kedersystem 5 × 3 – individueller Druck</h2>
<p>Messewand für Messen und Veranstaltungen mit individuellem Druck nach Kundendesign.</p>
<h3>Produktoptionen</h3>
<ul>
<li>Material: Wählen Sie aus den verfügbaren Textilmaterialien.</li>
<li>Druckmotiv: Gleiches Motiv auf allen bedruckten Teilen oder unterschiedliches Motiv für jedes bedruckte Teil.</li>
<li>Zu den verfügbaren Materialien gehören schwer entflammbare B1-Optionen.</li>
</ul>
<h3>Druck</h3>
<p>Druckverfahren bei Amanos: <strong>DTF</strong>.</p>
<h3>Preis</h3>
<p>Der angezeigte Preis gilt pro Stück. Die gewünschte Stückzahl kann bei der Bestellung erhöht werden.</p>

<p>Gerade Messewand mit Kedersystem 5 × 3 und individuellem Druck. Wählen Sie Material und Motivverteilung. Der Preis gilt pro Stück.</p>
